e ((-4)/(-2) + -6)/(1/(-3)). Suppose -16320 = -3*h - u*h. List the prime factors of h.
2, 17
Let g(n) be the third derivative of n**5/60 + n**4/12 + 2*n**3/3 - 18*n**2. Let h be g(2). Suppose 162 = h*s - 9*s. What are the prime factors of s?
2, 3
Suppose -5*p + 1732 = -9*w + 12*w, 4*p = -w + 1380. Suppose -3*s + 330 = -s + 3*o, 2*s - p = 4*o. What are the prime factors of s?
2, 3, 7
Let b(q) = -247*q + 397. What are the prime factors of b(-22)?
7, 17
Let h be 8/6 + (-836)/(-66). Suppose -h + 2 = 4*t, -3*t = d - 37. List the prime factors of d.
2, 23
Let k(q) = -q**2 + 12*q + 5. Let i be k(12). Suppose -3*m + 12 + 10 = 5*y, -6 = -i*y + m. Suppose -y*w + 60 = -238. What are the prime factors of w?
149
Let r(h) = h**3 + 13*h**2 - 2*h - 25. Let t be r(-13). Let x be t/2*(-27 + -3). List the prime factors of ((-234)/x)/(4/10).
3, 13
Let l = -47 + 51. Suppose 3*m = -5*f + 383 + 100, 3*m - 3*f = 459. Suppose -l*u = 12 - m. What are the prime factors of u?
2, 3
Suppose 0*j - 30004 = 13*j. Let r = j + 3375. List the prime factors of r.
11, 97
Let s(m) be the third derivative of -m**6/120 + 7*m**5/60 + 5*m**4/12 + 5*m**3/6 - 19*m**2. Let b be s(8). List the prime factors of 6/24 + (b/(-4))/(-3).
2
Suppose -r - 5*b = -27 + 18, 4*b = r. Suppose 5*y + 3*p = 2428, -5*y + 2420 = p + r*p. List the prime factors of y.
2, 61
What are the prime factors of (-160732)/(-60) + (-72)/(-540)?
3, 19, 47
Let z(x) = -44 - 97*x - 69 + 34*x - 137 - x**2. List the prime factors of z(-32).
2, 7, 53
Suppose -2*f = -5*d + 8*d - 288, -4*d + 384 = -f. Let n = 371 - d. What are the prime factors of n?
5, 11
Suppose -3*k = 2*h - 16500, -6*k + 33036 = 11*h - 13*h. What are the prime factors of k?
2, 43
Let z = -2019 + 2154. Let x(g) = -g + 36. Let k be x(0). Let y = k + z. List the prime factors of y.
3, 19
Suppose 0 = 4*d - 33 - 23. Suppose -6 = 2*v - d. Suppose t + 7 = 3*u, -3 = -4*u + v*t - 9*t. List the prime factors of u.
2
Suppose -13 + 11 = -z. List the prime factors of -2*z - (4 + -531 + -4).
17, 31
Let c(p) = 32*p**2 - 24*p + 83. Let x(w) = -2. Let h(k) = c(k) + x(k). What are the prime factors of h(4)?
7, 71
List the prime factors of (-153)/51*(6556/(-6) - 2).
2, 821
Let z(m) = 3*m + 31. Let g be z(-9). Suppose -774 = -5*d + g*j, -7*d - 778 = -12*d + 3*j. List the prime factors of d.
2, 79
Suppose -3*v = y + v + 2, 2*v = 2*y - 6. List the prime factors of y/8*(312 - (0 - 4)).
79
Suppose -356*m = -310*m - 540178. What are the prime factors of m?
11743
Let f = 1831 - -1009. Suppose -j = -z - z + f, -2*j - 1426 = -z. What are the prime factors of z?
2, 709
Suppose 17*b - 91 = -6. Suppose 2*z + 2*w - 316 = 0, w + 0*w - 774 = -b*z. What are the prime factors of z?
2, 7, 11
Let z(d) be the third derivative of 1/60*d**6 - 1/3*d**4 - 1/2*d**3 - 7*d**2 - 1/30*d**5 + 0*d + 0. What are the prime factors of z(4)?
61
Let j(h) = -9*h**3 + 11*h**2 + 60*h - 16. Let t(f) = -5*f**3 + 5*f**2 + 30*f - 9. Let m(r) = -4*j(r) + 7*t(r). List the prime factors of m(13).
7, 41
Suppose 0 = -2*u + 3 - 35. Let s = u + 18. What are the prime factors of (s/(-4))/(6/(-212 + -4))?
2, 3
Let h(z) = 2*z**3 + 17*z**2 + 30*z + 5. Let u be h(-6). Suppose u*x - 3*o + 5*o - 2909 = 0, -3*o + 6 = 0. List the prime factors of x.
7, 83
Let m(x) be the second derivative of 0 + 11*x + 3/2*x**3 - 1/20*x**5 - 13/12*x**4 - 11/2*x**2. List the prime factors of m(-14).
59
Let q(y) = 3*y**2 - 13*y + 27. Let i be q(5). Suppose i*w = 4*w + 8811. List the prime factors of w.
3, 89
Suppose 3*k + 5*l - 19288 = 0, -10*k + 14*k - 25727 = 3*l. What are the prime factors of k?
59, 109
Let i = -17004 - -24330. What are the prime factors of i?
2, 3, 11, 37
Let h be (4 - (-2 + 40))*-3. Suppose -h = -9*a + 258. Suppose z - 3*p - a + 1 = 0, -260 = -5*z + 2*p. What are the prime factors of z?
2, 3
What are the prime factors of (3 - 2)/((-57)/(-964896))?
2, 23
Let u = 899 + 138. Suppose -3*z = 137 - u. What are the prime factors of z?
2, 3, 5
Suppose 76244 - 219914 = -30*q. List the prime factors of q.
4789
Let k(b) = 40*b**2 + 44*b + 46. What are the prime factors of k(8)?
2, 3, 17, 29
Suppose -71*j + 166463 + 144872 = 0. What are the prime factors of j?
5, 877
Suppose -5*k + 0*k = -50. Let v(t) = t - 7. Let s be v(k). Suppose 6*a + 4 = 4*x + 2*a, s*a + 11 = 5*x. What are the prime factors of x?
2
What are the prime factors of -3 - (11 - (8 + 8340) - -6)?
2, 3, 347
Suppose 0 = -z + 4*z - 4*g - 3140, 2*g = -2*z + 2084. Suppose 4*r + 49 - 1093 = 2*d, 0 = -4*r + 4*d + z. List the prime factors of r.
3, 29
Suppose 5*f = 5*o + 40, -26 = 4*o + 3*f - 8. What are the prime factors of (-9 + 6610/60)/((-1)/o)?
607
Let b(k) = k**2 + 9*k + 15. Let i be b(-7). Let p be 1*(-10)/20*(1 - i). Suppose -2*x + x + 131 = p. List the prime factors of x.
131
Let n = -4504 + 19950. What are the prime factors of n?
2, 7723
Let o(z) = -15*z + 5. Let u be o(1). Let n be 2/u - 4/(-20). Suppose n = 5*x + 4*x - 216. What are the prime factors of x?
2, 3
Let l(a) = -10*a**3 + a**2 - 23*a - 86. List the prime factors of l(-8).
2, 19, 139
Let k(b) = -1953*b**3 + 4*b**2 - 3*b - 1. Let x(z) = -1955*z**3 + 3*z**2 - 3*z - 1. Let r(i) = -5*k(i) + 6*x(i). What are the prime factors of r(-1)?
3, 5, 131
Suppose -19*n = c - 12*n - 23682, -4*c = -2*n - 94908. What are the prime factors of c?
2, 3, 659
Suppose 2*r - 4*r = -6. Suppose r*q + 24 + 39 = 0. What are the prime factors of (q - -18)/(6/(-172))?
2, 43
Let v be (-6)/27 - (-48)/(-27). Suppose -14*r + 172 = 130. What are the prime factors of (r/5 + (-2932)/20)/v?
73
Suppose 2*x - 3*v - 1 = 0, 3*x - v + 3 = 4*x. Suppose 12*h = 15*h + 5*p - 1818, 2*p + 1228 = x*h. List the prime factors of h.
13, 47
Let z(j) = 30*j**2 - 2*j - 7. Let d be z(4). Let l = -402 + d. What are the prime factors of l?
3, 7
Let u = 40 - 36. Suppose -2*t + 5*y = t + 19, -4*y + 12 = -u*t. List the prime factors of 6/12*264/t.
2, 3, 11
Suppose -8*l + 1780 = -4*l. Suppose l*r = 454*r - 12789. List the prime factors of r.
7, 29
Let l = -73632 - -107743. What are the prime factors of l?
7, 11, 443
Suppose 3962520 + 497686 = 94*i. What are the prime factors of i?
23, 2063
Let w(s) be the second derivative of -11*s**3/3 - 21*s**2/2 + 4*s. Let l be w(-6). Suppose 2*q + q = l. List the prime factors of q.
37
Let v = 19963 - -5255. What are the prime factors of v?
2, 3, 467
Suppose 605*s = 101*s + 3592008. List the prime factors of s.
7127
Suppose 76*w - 72*w - 12 = 0. What are the prime factors of w - (-6 + 952)/(-2)?
2, 7, 17
Suppose 0 = 12*y - 6*y + 8*y. Suppose -13*o + 13364 - 1976 = y. List the prime factors of o.
2, 3, 73
Suppose 21 = 2*w - 385. Suppose 0 = -h + 114 + w. List the prime factors of h.
317
Suppose 4*d - 5*d = -43. Suppose 5*n - 20 = -2*f - 0*n, 0 = 3*f + n - d. List the prime factors of ((-123)/f - -3)*-10.
2, 13
Let r = -80 - -77. What are the prime factors of r*(-106)/6*5?
5, 53
Let m(k) = 7*k**2 + k - 9. Let n(g) = g**3 - 109*g - 108*g + 215*g + 26 - 22*g**2. Let s(r) = -7*m(r) - 2*n(r). List the prime factors of s(-4).
71
List the prime factors of 80*(0 - -2)/(6/39).
2, 5, 13
Let y(w) = -w - 5. Let k(g) = -4*g + 35. Let j be k(10). Let o be y(j). Suppose -f + 6*f - 135 = o. List the prime factors of f.
3
Let v(q) = 12 + 4 - 11 - 157*q + 1. List the prime factors of v(-1).
163
Let y(o) = 2*o**2 + 10*o. Let p(j) = -j - 13. Let u be p(-6). Let d be y(u). Suppose 2*t - 186 = -4*v, 5*t - d + 268 = 5*v. List the prime factors of v.
47
What are the prime factors of 5/((-1080)/(-8862678)) - 2*(-2)/48?
3, 47, 97
Let o = 7661 + -4495. Let v = o + -1971. List the prime factors of v.
5, 239
Let s(o) = -579*o + 269. List the prime factors of s(-20).
17, 41
Let c = 412 - 724. Let f = 365 - c. What are the prime factors of f?
677
Let k = -254 - -320. Suppose -64*f - 610 = -k*f. List the prime factors of f.
5, 61
Let t be 0*(-3*5/(-45) - 0). Suppose -3*s + 5*o + 1145 = t, 5*s - 702 - 1197 = -o. What are the prime factors of s?
2, 5, 19
Let y = 113 - 108. Let t(i) = -7*i + 56. What are the prime factors of t(y)?
3, 7
Let q(p) = 26*p + 94. Let m be q(12). Suppose -m = -9*j + 2537. What are the prime factors of j?
3, 109
What are the prime factors of ((-3188934)/(-49))/(-9)*(-3 + (2 - 6))?
2, 25309
Let b(u) = u**2 - u - 6. Let l be b(-5). Suppose -21*f - 